5610341
In base 7, what is -104052 - 10025?
-114110
In base 14, what is 8d - -1acd26?
1acdb5
In base 9, what is -2707531 + -1?
-2707532
In base 8, what is 3 - 2234004?
-2234001
In base 16, what is -3f - -21121d?
2111de
In base 14, what is -933d0 + -29?
-93419
In base 13, what is -1ba8151 - -1?
-1ba8150
In base 10, what is -8135335 + -3?
-8135338
In base 12, what is -aa6 + 6927?
5a41
In base 13, what is -2a514 + -236?
-2a74a
In base 9, what is 5 + -11640403?
-11640387
In base 7, what is -3 - -2013216352?
2013216346
In base 4, what is 11221210231 - 23?
11221210202
In base 16, what is 3c0f15 - c?
3c0f09
In base 11, what is -135 - 97164?
-97299
In base 10, what is -10089217 + 36?
-10089181
In base 13, what is -2c3c94 + -386?
-2c434a
In base 13, what is 202b561 + -5?
202b559
In base 8, what is -71212 + -20?
-71232
In base 6, what is 10320 + 23144?
33504
In base 8, what is -751044 + -40?
-751104
In base 12, what is -60 - 46837?
-46897
In base 10, what is -4 + 5984325?
5984321
In base 3, what is 12 + -10201121200012001?
-10201121200011212
In base 15, what is -46d + 65be?
6151
In base 12, what is -202 - -5b545?
5b343
In base 16, what is -70595c + 2?
-70595a
In base 13, what is 1217 - -98763?
9997a
In base 11, what is -5 - -20813838?
20813833
In base 16, what is -3 - -354cf57?
354cf54
In base 4, what is -21332230 + 20010?
-21312220
In base 12, what is 663a + 1551?
7b8b
In base 5, what is -20430 + 330011?
304031
In base 15, what is b303a - 15?
b3025
In base 13, what is -4060164 - 0?
-4060164
In base 3, what is -10122110 - -202002?
-2220101
In base 12, what is 16 + 7ba197?
7ba1b1
In base 15, what is -26ae - 4ca?
-2b89
In base 12, what is -3516747 - 0?
-3516747
In base 7, what is -23 + -324060536?
-324060562
In base 2, what is -10101 - -101001001001101001110110?
101001001001101001100001
In base 3, what is -1 + -20111021020002?
-20111021020010
In base 16, what is -88 - b1d10?
-b1d98
In base 14, what is bdc783 + -3c?
bdc745
In base 14, what is 3781 + -22a1c?
-1d27b
In base 15, what is 1 - c58168?
-c58167
In base 2, what is 101110101000100 - 10010111000000?
11011110000100
In base 5, what is 312221 + 1031130?
1343401
In base 8, what is -1064224 - -36?
-1064166
In base 12, what is 2 - -81979a?
8197a0
In base 7, what is -346420 - 251?
-350001
In base 14, what is -13 - -275da?
275c7
In base 8, what is -44651626 - -1?
-44651625
In base 10, what is -7447 - -564?
-6883
In base 7, what is -16244 - -42150?
22603
In base 6, what is 551322245 - 4?
551322241
In base 12, what is 5 - 2a558b?
-2a5586
In base 8, what is -1 + 317666563?
317666562
In base 5, what is 1 - -40422224024?
40422224030
In base 4, what is -2002102111120 + 3?
-2002102111111
In base 5, what is -103040 + 24320?
-23220
In base 10, what is 167809002 + -3?
167808999
In base 6, what is 332222043 + -11?
332222032
In base 6, what is -21 + -113302211?
-113302232
In base 5, what is 130423344442 - -2?
130423344444
In base 10, what is -6169400 - 0?
-6169400
In base 6, what is 4 + -411214105?
-411214101
In base 3, what is -211021010111202202 - -10?
-211021010111202122
In base 7, what is -560 - -2060143?
2056253
In base 16, what is 173 - -bd9a?
bf0d
In base 10, what is -18470 + 2910?
-15560
In base 5, what is -4211 + -401020?
-410231
In base 4, what is -111332 - -2013?
-103313
In base 2, what is -100 - 10010011110101101100100010?
-10010011110101101100100110
In base 2, what is 1 + -11000110100010?
-11000110100001
In base 3, what is -11111 - -12000211?
11212100
In base 6, what is -40521515435 - -2?
-40521515433
In base 11, what is -19 + -3780971?
-378098a
In base 16, what is 15e - 60a6?
-5f48
In base 13, what is -17779 - -43?
-17736
In base 15, what is -10e + -1b2782?
-1b2891
In base 4, what is -10 - -21333301112?
21333301102
In base 2, what is -1101001111101000 + 10000100111010?
-1011001010101110
In base 14, what is 327100 + 0?
327100
In base 3, what is -21211120012221 + -11?
-21211120020002
In base 3, what is 2020 - 10201112121?
-10201110101
In base 2, what is -11 - -100101011101100100010010011?
100101011101100100010010000
In base 3, what is -10212212220 - -1220?
-10212211000
In base 7, what is 535301621 + -12?
535301606
In base 11, what is 2 + -29025651?
-2902564a
In base 9, what is 5 - 5628764?
-5628758
In base 12, what is -83124 - 13?
-83137
In base 12, what is -2387a0 + 13?
-238789
In base 5, what is 3134031020 + -12?
3134031003
In base 15, what is 2 + -38b?
-389
In base 7, what is 1114460352 + 1?
1114460353
In base 11, what is 4704 - 275?
443a
In base 2, what is 1000111 - -110101011110011011010101?
110101011110011100011100
In base 7, what is 4 - 411520236?
-411520232
In base 11, what is 1 - -1230618?
1230619
In base 14, what is -86532d13 + 1?
-86532d12
In base 13, what is -2057 - 103a?
-3094
In base 14, what is a8d - -37d?
102c
In base 16, what is 39c + 810e3?
8147f
In base 9, what is 5862150 + -1?
5862148
In base 4, what is 111321223122022 + 2?
111321223122030
In base 12, what is 6b + -139274?
-139205
In base 3, what is -201120210220 - -22021?
-201120111122
In base 16, what is 3 - 139f1cc?
-139f1c9
In base 3, what is -2101 + 1100110021?
1100100220
In base 2, what is 10111011101011011000100 - 1000?
10111011101011010111100
In base 16, what is -21 - bf76?
-bf97
In base 9, what is -31863373 + -4?
-31863377
In base 5, what is -4030 + -214001?
-223031
In base 9, what is 7851823 + -3?
7851820
In base 7, what is 21331520 + -14?
21331503
In base 11, what is 9818a - -9?
98198
In base 10, what is -5781 - -573?
-5208
In base 16, what is 8 + -2323c3b?
-2323c33
In base 11, what is 604615 - -1?
604616
In base 2, what is -10 - 1100100011111010010101011?
-1100100011111010010101101
In base 8, what is -21 + -44176?
-44217
In base 13, what is 1 - -51875b6?
51875b7
In base 4, what is 10 - 33113310230212?
-33113310230202
In base 8, what is 6 + 163232304?
163232312
In base 6, what is -5 - -40101342?
40101333
In base 11, what is -6a92 - 15278?
-2125a
In base 16, what is -469 + 4e7?
7e
In base 12, what is -31a + 48677?
48359
In base 15, what is 4 + 1036ac0?
1036ac4
In base 16, what is 20b - 122fb?
-120f0
In base 3, what is -100110000121222 - -11?
-100110000121211
In base 7, what is -23063141 + 62?
-23063046
In base 7, what is -62 - -20531150?
20531055
In base 3, what is -22020120010 - 210?
-22020120220
In base 13, what is -167 + -2a52?
-2bb9
In base 14, what is -43547933 + 4?
-4354792d
In base 5, what is -201131344 + 2?
-201131342
In base 16, what is 2 - 394ee9?
-394ee7
In base 11, what is -155 - 8a42?
-9097
In base 13, what is 5329 + 1058a?
158b6
In base 2, what is -10 - -1110000111001000011101?
1110000111001000011011
In base 13, what is -1 + -15025b5?
-15025b6
In base 5, what is 2 - -333010023232?
333010023234
In base 9, what is 1603 - -21264?
22867
In base 9, what is 785 + 1881078?
1881874
In base 7, what is 12630544 + -624?
12626620
In base 13, what is -51bba9 - -68?
-51bb41
In base 4, what is 12131 + 100303032?
100321223
In base 11, what is 2288562a - -3?
22885632
In base 5, what is 1 + 2404311032?
2404311033
In base 12, what is 6a467 - 2?
6a465
In base 6, what is 14 - 40145304?
-40145250
In base 2, what is 100000 + -100001011101001001100?
-100001011101000101100
In base 13, what is 805 + 6b2c?
7634
In base 12, what is 26 + 5966a73?
5966a99
In base 11, what is -300 + -191a1a?
-19221a
In base 6, what is 4030323053 + 5?
4030323102
In base 14, what is -184 - -b1559?
b13b5
In base 3, what is 212210100020202 + -2?
212210100020200
In base 13, what is -b8a3 - -193?
-b710
In base 7, what is 10144 + 2260?
12434
In base 15, what is -1d5e4d + 13b?
-1d5d12
In base 2, what is -110 + -110001000111001100?
-110001000111010010
In base 12, what is -1987679a - -5?
-19876795
In base 4, what is -221 - 13033233131?
-13033300012
In base 13, what is 13a8 - -1352?
272a
In base 15, what is 116 + -30c03?
-30adc
In base 15, what is -4b5 - -18caa?
187e5
In base 5, what is 1300113442 + 130?
1300114122
In base 9, what is -650772 + 574?
-650187
In base 7, what is 14155221 + -43?
14155145
In base 4, what is -30232031330 + -3?
-30232031333
In base 14, what is 5 - -41c9c4a?
41c9c51
In base 11, what is -4581 + 511?
-4070
In base 8, what is -1017 + 1065334?
1064315
In base 4, what is 21311201021 + -10?
21311201011
In base 12, what is -1 + -1419aa?
-1419ab
In ba